- 8*z. Calculate the greatest common divisor of 2 and z.
2
Let s be (124/(-10))/((-1)/(-5)). Let u be (-11664)/180*(-10)/4. Let q = u + s. Calculate the highest common factor of 20 and q.
20
Let q be (-3)/(15/115*2/(-4)). Suppose -8*b + 338 + q = 0. Let n(d) = d**3 + 9*d**2 - 2*d - 12. Let t be n(-9). What is the greatest common divisor of b and t?
6
Suppose -902*q - 681 = -886*q - 2409. What is the greatest common factor of q and 3294?
54
Let u = -4267 + 4369. What is the greatest common factor of 28288 and u?
34
Let m = -6623 + 9492. Calculate the greatest common factor of 38 and m.
19
Let u be 1/1*(0 + 22). Let h(l) = -2199*l - 59021. Let q be h(-27). Calculate the greatest common factor of q and u.
22
Let f(b) = 1795*b - 10081. Let t be f(27). What is the greatest common factor of 32 and t?
16
Suppose 50*u = 1289 - 289. Let f(o) = -59*o + 1. Let w be (2*1/(-2))/1. Let k be f(w). What is the greatest common factor of u and k?
20
Suppose -225*f + 238*f = 208. Suppose -2*p = p - 873. Let l = -179 + p. Calculate the highest common divisor of f and l.
16
Let p = 358 + -360. Let o(y) = -11*y + 14. Let s be o(p). What is the highest common divisor of s and 9?
9
Let s be (-5 - 144/(-20))*(5 + 0). Suppose 0 = s*w - 13*w + 64. Suppose -3*u - 2*z = -22, 0 = u - 2*z + 9 - 3. Calculate the highest common divisor of w and u.
4
Let t = 9157 - 9151. Let z be 0*(-2 - -4)/2. Suppose -355 = -5*f - 5*c, 0 = 2*f + c - z*c - 137. What is the greatest common factor of f and t?
6
Suppose -54*i = -12*i - 588. Let c be 48/18*3/2. What is the greatest common factor of c and i?
2
Let h be (1205 - 1)*(-6)/(-24). Suppose 310*y = h*y + 900. What is the highest common divisor of y and 12?
4
Suppose 2*s - s = 4*c + 244, 4*s = 3*c + 989. Suppose 53*b + 44804 = 46076. What is the highest common factor of b and s?
8
Suppose 0 = 24*x + 39*x - 710 - 1495. Calculate the greatest common divisor of x and 9205.
35
Let r(p) = 2*p**2 - 26*p - 16. Let d = -232 - -252. Let y be r(d). Calculate the highest common divisor of 24 and y.
24
Suppose 3*z - 5*z - 102 = 0. Let s = z - -29. Let f = 14 - s. What is the highest common divisor of f and 3?
3
Suppose 4*h - 3*q - 56 = 14, 2*h = 5*q + 28. Suppose h*u - 48 = 17*u. Calculate the greatest common factor of u and 3.
3
Let f(i) = -i**3 - 21*i**2 - 40*i - 23. Let l be f(-19). Let w(q) = -40 + l + 3 - 10*q. Let v be w(-3). Calculate the greatest common divisor of 64 and v.
8
Let w be 249066/3939 + 6/(-26). Calculate the highest common factor of w and 37863.
63
Suppose -28*a - 1 = -27*a, 4*a - 140 = -4*w. Let z be 2/(-7) + 4/14. Let k be 25 - z - (-3 - -1). Calculate the highest common factor of w and k.
9
Let x be 2/(368/(-370) - (-11)/11). Calculate the highest common divisor of x and 160.
10
Let v(x) = -5*x**3 + 46*x**2 - 9*x + 8. Let f be v(8). Let y(l) = -9*l + 19. Let a be y(-5). Calculate the highest common factor of f and a.
64
Let j be 0 + -1 + -33 + 0. Let x be (10/(-2) + (-12)/(-3))*j. What is the highest common divisor of x and 34?
34
Let u(k) = -3*k + 1. Let y be u(-2). Suppose -y*q + 598 - 17 = 0. Let c = q - -137. Calculate the highest common factor of c and 22.
22
Suppose 9*t = -5*u + 12*t + 500, 5*t = 2*u - 200. Calculate the greatest common divisor of u and 20.
20
Suppose 3*d = -14*u + 12*u + 57, -77 = -4*d - 3*u. Calculate the highest common factor of 7157 and d.
17
Suppose 2*f - 307 = -5*m, -3*f - 2*f + 736 = 2*m. Calculate the greatest common factor of f and 146.
146
Let c be 9 + (-5640)/(-18) + 2/3. Calculate the greatest common factor of c and 68.
17
Let t be (-24)/3 + 3 + 1058. Calculate the greatest common divisor of 1296 and t.
81
Let d = -1035 + 1595. Suppose -49*z = -39*z - d. What is the greatest common divisor of z and 35?
7
Let y be ((-416)/(-143))/((-38)/(-6479)). Calculate the greatest common divisor of 2232 and y.
248
Let y(m) = -m**2 + 211*m - 328. Let l be y(115). Calculate the greatest common divisor of 156 and l.
52
Let c = 1016 + -1519. Let u = c + 599. What is the highest common factor of 240 and u?
48
Suppose -q + 0*q + 1563 = 4*b, 3*b = -5*q + 1168. Calculate the highest common factor of 92 and b.
23
Suppose 2*u = 5*b + 1075, -b - 314 = -u + 225. Suppose 0 = 13*s - 4*s - u. Calculate the highest common divisor of s and 160.
20
Let d(w) = -w**3 - 4*w**2 + 45*w + 78. Let k be d(-15). Calculate the highest common divisor of 6 and k.
6
Let g(m) = 43*m - 18. Let h be g(6). Suppose 2616 = 12*b + h. Calculate the highest common factor of 22 and b.
22
Suppose -239 = -2*w - 229. Suppose -2040 = -3*p - 3*g, w*g + 15 = 40. Calculate the greatest common divisor of 27 and p.
27
Suppose -5*d - 56*x = -55*x - 542, -2*x + 544 = 5*d. What is the greatest common factor of 459 and d?
27
Suppose -5*z = -3*z - 40. Suppose -5*x - 11*i + 100 = -8*i, -x + 20 = -i. What is the highest common divisor of x and z?
20
Let d(z) = 46*z**3 + 32*z**2 - 169*z - 12. Let s be d(6). What is the highest common divisor of 129 and s?
129
Let d = -54 + 94. Let n(y) = 223*y - 63. Let f = 64 - 63. Let t be n(f). Calculate the greatest common factor of t and d.
40
Let d be (4/12)/(3 + 76/(-24)). Let l = 8 - 18. Let z be (l - -101) + 0*1/d. Calculate the highest common divisor of 13 and z.
13
Let d(k) = -k**3 + 7*k**2 - 10*k + 11. Let h be d(6). Let l = h + 25. Let s = -103 + 115. Calculate the greatest common factor of s and l.
12
Suppose g + 12 = -5*g. Let o be 179 + 3/(g + 1/1). Calculate the highest common divisor of o and 22.
22
Let h = 0 + 3. Let l(z) = -z**3 + 58*z**2 + 1096*z - 25. Let o be l(73). Calculate the highest common factor of o and h.
3
Suppose 42567 = -17*l + 101541 + 117282. Calculate the greatest common factor of 81 and l.
81
Suppose -16*t = -1984 + 144. Calculate the highest common factor of t and 95.
5
Let t(w) = 3*w**3 - 6*w**2 - 26*w + 62. Let z be t(2). Calculate the highest common factor of 1390 and z.
10
Suppose -2*g + 500 = 4*c, -3*c - 358 = -g - 103. What is the highest common factor of 153 and g?
9
Let k(a) = 18*a - 18. Suppose -3*z - 2*d = -7*d - 11, -3*z + 4*d = -13. Suppose 5 + 30 = z*l. Let g be k(l). Calculate the greatest common divisor of g and 9.
9
Let y(b) = -b**3 + 16*b**2 - 40*b - 74. Let p be y(12). Calculate the highest common divisor of 1166 and p.
22
Let d be ((-24)/3 + 3)*(-3 + 2). Suppose 0 = d*r - o - 519, 2*o + 90 = r - 12. Suppose 3*a + r = 7*a. What is the highest common divisor of a and 65?
13
Let s = -98 + 139. Suppose 104 = -4*v + 2200. Let d = -73 + v. What is the greatest common divisor of d and s?
41
Let v be 4/22 - (4 - 1074/22). Let h be 2/9 + (-3 - 1180/v). Let d = -19 - h. What is the greatest common divisor of d and 20?
10
Let w(a) = 8*a + 20. Let i be w(5). Suppose 10 = 5*u - i. Let p = -1 - -225. Calculate the greatest common divisor of p and u.
14
Let r = 1317 + -1011. Calculate the highest common divisor of 756 and r.
18
Let l(c) = -c**3 + 12*c**2 + 17*c + 13. Let y be l(13). Let g = 90 - y. What is the highest common factor of g and 40?
5
Suppose -c + 7 + 21 = 0. Let s = 5 + c. Let x = -1959 + 1970. What is the greatest common factor of s and x?
11
Suppose 70718 = 88*u + 55846. Suppose -2*h + h + 26 = 0. What is the greatest common factor of h and u?
13
Suppose -19 = -5*g + 3*n + 126, -4*g = -3*n - 119. Let h = 35 - g. Suppose -13*l = 3*l - 48. What is the greatest common factor of h and l?
3
Suppose -10*q = -15*q + 5. Let m be 15/18 - q - (-37)/6. Suppose -721 = -m*v + 17. Calculate the greatest common divisor of v and 82.
41
Suppose -h + 164 = 3*b, -5*h - 193 = 3*b - 1001. Suppose -711 + h = 5*v. Let x = v + 148. Calculate the greatest common factor of 95 and x.
19
Let x be 106 - (3 - ((-2)/(-6) + (-40)/30)). Calculate the highest common divisor of 3111 and x.
51
Suppose -125*j = -38420 + 6545. What is the greatest common factor of j and 405?
15
Suppose -2*u - 8 = -4*d, -3*d = 2*u - 10 - 3. Let a(b) = 0 + 1 - 19*b - 6 + 4*b. Let w be a(-1). Calculate the greatest common factor of u and w.
2
Let c(l) = l**2 + 7*l - 25. Let u be c(6). Suppose -u*v + 50 = -48*v. What is the highest common factor of v and 170?
10
Let t be (-21 - (-7280)/(-60))*24/(-14). Calculate the highest common factor of t and 1342.
122
Let y be (-210)/63*(-1)/(10/24). Suppose y + 47 = h. Calculate the gre